790?
1108673
In base 15, what is 185115 - -23?
185138
In base 2, what is 10 + -101101001101110000000?
-101101001101101111110
In base 4, what is -3333200312 - -13?
-3333200233
In base 4, what is -131032311 + 3333?
-131022312
In base 9, what is -10307507 - 2?
-10307510
In base 9, what is 65832 - 0?
65832
In base 6, what is -2 + 420234230?
420234224
In base 6, what is 1511050 + 3051?
1514141
In base 14, what is -1458 - -a1a8?
8b50
In base 9, what is -66054 + 207?
-65746
In base 10, what is -1714072 - -1?
-1714071
In base 4, what is -231102 - 11023110?
-11320212
In base 6, what is 2155004240 - 0?
2155004240
In base 3, what is 1120002 + -11021001212?
-11012111210
In base 13, what is 78c4a4 + -1?
78c4a3
In base 7, what is 100314 - 131515?
-31201
In base 9, what is -1112 - 162325?
-163437
In base 12, what is 5a03b30 + 4?
5a03b34
In base 14, what is 2a + -11147?
-1111b
In base 9, what is 5557 - -178504?
185162
In base 4, what is -13123 - -2123301223?
2123222100
In base 3, what is -1202202012201 + -1020011?
-1202210102212
In base 3, what is 0 - 21022111220212?
-21022111220212
In base 4, what is 30020 + 2120220?
2210300
In base 13, what is -c338aa6 - 1?
-c338aa7
In base 4, what is -2303 - 3331213?
-10000122
In base 4, what is 2223 - -233110112?
233113001
In base 14, what is 3002 - -61?
3063
In base 13, what is 1076c53 + 2?
1076c55
In base 10, what is -188556194 - -3?
-188556191
In base 14, what is -ad94658 + 0?
-ad94658
In base 4, what is 200102 - -201213?
1001321
In base 8, what is 432 - 51540?
-51106
In base 7, what is -411 + -162004?
-162415
In base 15, what is -88 + -a42bb?
-a4354
In base 12, what is 74364 - 259?
74107
In base 15, what is -610 + -9c74?
-a384
In base 16, what is 58ac + -1bb2?
3cfa
In base 9, what is -27880 + -320?
-28310
In base 12, what is -a - 6663378?
-6663386
In base 15, what is 358b7 - 3?
358b4
In base 8, what is 2 - 3260151?
-3260147
In base 9, what is 4 - 2086370?
-2086365
In base 6, what is 14 - 3230554434?
-3230554420
In base 15, what is 1a3dc9b + 2?
1a3dc9d
In base 2, what is 101 - -1111100100100011000?
1111100100100011101
In base 2, what is -11101110010011 + -101000010101?
-100010110101000
In base 15, what is 11b - 4a37e?
-4a263
In base 8, what is 15 + -240552?
-240535
In base 2, what is -1111100001100 + -101010000?
-10000001011100
In base 16, what is d59072 - f?
d59063
In base 11, what is 404527 - 32?
4044a5
In base 15, what is 19d30c + 5e?
19d36b
In base 11, what is 3a370531 - 3?
3a370529
In base 16, what is 46a94 + -3?
46a91
In base 9, what is -155828852 + -1?
-155828853
In base 4, what is -2301333 - 1301?
-2303300
In base 14, what is 25d669 - 4?
25d665
In base 2, what is -100001 - 1000010001000010001010?
-1000010001000010101011
In base 12, what is -12754 - -521?
-12233
In base 14, what is -26d - 2349?
-25b8
In base 16, what is 172fa33 + 5?
172fa38
In base 8, what is 30663614 - 5?
30663607
In base 10, what is 39177 + -115?
39062
In base 15, what is -2 - 284215?
-284217
In base 14, what is 4 + -11394?
-11390
In base 13, what is -48 + 531a7?
5315c
In base 13, what is -16114970 + -3?
-16114973
In base 8, what is 33056 + 1354?
34432
In base 2, what is -101100011011101011000100 - 100010?
-101100011011101011100110
In base 4, what is -31020202 + -20100?
-31100302
In base 3, what is -122112101 + -111101?
-200000202
In base 15, what is -4c + -10c55?
-10ca2
In base 16, what is -1b0f09 + 3a?
-1b0ecf
In base 5, what is 10242241311 - -12?
10242241323
In base 3, what is 1 - 10101001200210?
-10101001200202
In base 2, what is -1110 - -11100011010110011?
11100011010100101
In base 13, what is 2aa3 - -74418?
771bb
In base 11, what is -688665 - -276?
-68839a
In base 10, what is 2 + -3283150?
-3283148
In base 9, what is -37 - -5674036?
5673888
In base 3, what is -11101212022 + -10002?
-11101222101
In base 4, what is -113002031 + -1230?
-113003321
In base 14, what is -443562 + -7?
-443569
In base 8, what is 42732564 + -14?
42732550
In base 10, what is -2 - -4276042?
4276040
In base 2, what is -111110000010101010111011100 + 111?
-111110000010101010111010101
In base 3, what is 2111212222 - 12001?
2111200221
In base 11, what is 20aa937a - -3?
20aa9382
In base 14, what is -7d8 + 449d?
3aa5
In base 9, what is 7604348 + -44?
7604304
In base 14, what is 1894 + 543b6?
55c6a
In base 4, what is -131 + 20203131211?
20203131020
In base 10, what is 2752 + -3283?
-531
In base 12, what is -54b + 2841a4?
283855
In base 9, what is -8252505 + 30?
-8252465
In base 11, what is -11999 + 5?
-11994
In base 6, what is -4400 + -50114?
-54514
In base 15, what is a - -9bb5d2?
9bb5dc
In base 2, what is -110101000110001 + 1100001?
-110100111010000
In base 13, what is 5 + -53b74?
-53b6c
In base 15, what is -3b3b1a5 - -2?
-3b3b1a3
In base 15, what is -3 + 28b43a08?
28b43a05
In base 7, what is 230 - 110332?
-110102
In base 3, what is -102211 + -201202011?
-202011222
In base 13, what is -2539766 + 1?
-2539765
In base 8, what is 42475 + 30240?
72735
In base 14, what is -2153 + -528?
-267b
In base 3, what is 1010100101021011 + -121?
1010100101020120
In base 9, what is -3 - -57452037?
57452034
In base 3, what is 220 - 111010020100?
-111010012110
In base 6, what is -32425 + 11351?
-21034
In base 15, what is 2918e3 - 181?
291762
In base 14, what is -1db - -b079?
ac7c
In base 5, what is 10000 + -2233032?
-2223032
In base 7, what is 6301 + -122423?
-113122
In base 16, what is -a250 - -1fe?
-a052
In base 9, what is 12 + 154188370?
154188382
In base 13, what is -26 - -5c21c5?
5c219c
In base 16, what is 5 - -11e89b00?
11e89b05
In base 9, what is -115 - 1541432?
-1541547
In base 8, what is -14412632 - 113?
-14412745
In base 7, what is -6160444 - 35?
-6160512
In base 14, what is 4107b5 + b?
4107c2
In base 13, what is -40 - -335a22?
3359b2
In base 13, what is -631 - -2c9c?
266b
In base 12, what is 6748 + 2848?
9394
In base 6, what is 132153422552 - 5?
132153422543
In base 8, what is 146 - -667541?
667707
In base 6, what is 2 + -214005435?
-214005433
In base 14, what is -2c2821 + 17?
-2c2808
In base 14, what is 35b7488d + -4?
35b74889
In base 5, what is -11332 - -31032?
14200
In base 6, what is 131 + -13041003?
-13040432
In base 6, what is 4414243 + -4?
4414235
In base 16, what is 89097 + -3?
89094
In base 11, what is 36 + 2938952?
2938988
In base 13, what is -14b0 - -95c?
-851
In base 10, what is 46180 - -2273?
48453
In base 16, what is -8738a1 + a?
-873897
In base 8, what is 2 - -311407503?
311407505
In base 8, what is 247124 + -1?
247123
In base 13, what is -18b4 - 11944?
-13528
In base 2, what is -110101110101011100100001111 + 0?
-110101110101011100100001111
In base 4, what is -13030 + 3023223?
3010133
In base 8, what is 14163 - -15255?
31440
In base 7, what is 1165200 - 516?
1164351
In base 12, what is 23a9b664 - 2?
23a9b662
In base 12, what is -770 + -12819?
-13389
In base 14, what is -941 - 27c39?
-2877a
In base 6, what is 3352 - 2332010?
-2324214
In base 11, what is -48 - 45950?
-45998
In base 7, what is 3644211 + -1014?
3643164
In base 15, what is -355a5 - -e?
-35596
In base 6, what is 23300222435 + 3?
23300222442
In base 16, what is f13fca + 5?
f13fcf
In base 12, what is -13 + -313331?
-313344
In base 14, what is -33879 + 11b?
-3375c
In base 2, what is -101000001110011110110011 + 11101?
-101000001110011110010110
In base 7, what is 134665402 - -20?
134665422
In base 10, what is -3 - 1126438?
-1126441
In base 15, what is 149a81ce - -4?
149a81d3
In base 5, what is -34 + -100421342?
-100421431
In base 10, what is -14041 + 423?
-13618
In base 14, what is 103 - 309140?
-30903b
In base 3, what is 2000012010100201 + 11?
2000012010100212
In base 12, what is -3b68572 + 4?
-3b6856a
In base 11, what is 107 - 158484?
-158378
In base 2, what is -11001111000010010 + 101001101?
-11001110011000101
In base 5, what is 1013 - -10334442?
10341010
In base 16, what is e4 - -1757e?
17662
In base 4, what is -233 - 202211031?
-202211330
In base 13, what is 3118 - 1921?
14c7
In base 14, what is 863c + -89?
8593
In base 3, what is -12012110112021 + 10?
-12012110112011
In base 15, what is -11b + 1155bd?
1154a2
In base 8, what is 206223 - 5305?
200716
In base 16, what is -3 - -6fb8fc?
6fb8f9
In base 14, what is -b66a + -b5?
-b741
In base 7, what is 332441531 + 2?
332441533
In base 10, what is -137 + 40